
2
Let i = 8 + -6. Suppose 6*k = i*k. Suppose k = -5*h + 2*h + 15. What is the units digit of h?
5
Let j(x) = -15*x - 7. What is the tens digit of j(-4)?
5
Let z be 2 + -1 - -13 - 1. Let l = z - 5. Suppose a + 3 - l = 0. What is the units digit of a?
5
Let g(w) = -w - 3. Let s be g(-11). Let k = 0 + s. What is the units digit of k?
8
Let f(g) = g**2 - 6*g + 4. Let j(s) = -s**3 - s**2 - 2. Let r be j(-2). Suppose -r*k = -5*k + 18. What is the units digit of f(k)?
4
Let o(s) = -s**3 + 7*s**2 - 6*s + 8. What is the units digit of o(6)?
8
Suppose -3*h + 30 = 2*k, -2*k + 14 = -0*h - h. Suppose -6 = -5*j + k. What is the units digit of j?
3
Suppose 0 = -5*b + 2 + 3. What is the units digit of b*(2 - -1) - -8?
1
Suppose -5*i - m + 18 = 3*m, -4*i = -m - 6. Suppose i*y = -0*y. Suppose y = -0*j - 3*j + 21. What is the units digit of j?
7
Suppose -2*q = r - 466, 4*q + 3*r = 1279 - 345. What is the units digit of q?
2
Suppose -y - y + 2*j = -458, 5*y - 3*j - 1153 = 0. What is the tens digit of y?
3
What is the tens digit of 40/(-15)*1/(-4)*75?
5
Suppose 0 = -9*z + 4*z - 5*i - 50, 4*z = -i - 34. Let p(r) = r**2 + 9*r - 3. Let j be p(z). Let f = j + 16. What is the units digit of f?
5
Let a(n) = -4*n**3 + 13*n**2 + 5*n + 59. Let q(c) = c**3 - 3*c**2 - c - 15. Let m(w) = -2*a(w) - 9*q(w). What is the units digit of m(0)?
7
Let a = -82 + 344. What is the units digit of a?
2
What is the hundreds digit of 158 + ((-8)/(-20))/(1/5)?
1
Suppose -3*u + 4*u = -2*x + 44, 4*x - 190 = -5*u. What is the tens digit of u?
3
Suppose 2*d + 3*y = 77, -3*y - y + 12 = 0. What is the units digit of d?
4
Suppose -4*c = -130 - 146. What is the units digit of c?
9
Suppose -f + 11 + 12 = 0. What is the units digit of f?
3
Let f(d) = -3*d**3 - 2*d**2 - 2*d + 1. Let z be f(-2). Suppose 4*o - 20 = 4*m, 4*m + z = 5*o + 3*m. What is the units digit of o?
4
Let k be (0 + 2 + -33)*1. Let d = -16 - k. What is the units digit of d?
5
Suppose -7 - 53 = 5*x. Let v = 51 + x. What is the tens digit of v?
3
Let y = 0 - -2. Suppose j = y - 5. Let q = j - -4. What is the units digit of q?
1
Suppose -9 = -3*b, 4*g - 2*b - 1195 = 279. What is the tens digit of g?
7
Let g be 58/18 - (-2)/(-9). Suppose -g*b + 10 = 1. What is the units digit of b?
3
Let a(j) = j**3 + 2*j**2 - j + 2. Let m be a(-2). Suppose n - 10 = -m*n. What is the units digit of n?
2
Suppose 3*m - 128 = 2*m. What is the tens digit of m?
2
Suppose p = 0, -3*x + 1 = -p - 50. What is the tens digit of x?
1
Let k be (-14)/(-8) + 4/16. Suppose -4*a = k*l - 20, -5*l - 5*a + 26 = -4. What is the units digit of (l - 1)*(2 - 0)?
2
Let y = -4 - -9. Suppose 4*i + y*g = 16, -5*g = 2*i - 8 - 10. What is the tens digit of (2 - -5)*(-2)/i?
1
Suppose 2*c - c = 6. Suppose -4*r = -3*p - 8, r + 0 = -3*p + 2. Let v = c - r. What is the units digit of v?
4
Let c(a) = -a**3 + 63. What is the units digit of c(0)?
3
Suppose 4*l = 5*n + 5*l - 287, 0 = n - 5*l - 47. What is the tens digit of n?
5
Let p = 0 - -3. Let a(v) = v**3 + 14*v**2 + 12*v - 12. Let d be a(-13). Suppose p*c - 2*z - 36 = -6*z, c + 5*z - d = 0. What is the tens digit of c?
1
Let v(k) = 4 + 1 + 0 + 2*k. What is the units digit of v(4)?
3
Let n be (16/12)/((-1)/(-33)). Let y = n + -27. What is the tens digit of y?
1
Let u = -114 + 175. What is the units digit of u?
1
Let l(o) be the first derivative of o**3/3 - 6*o**2 + 2*o + 5. What is the units digit of l(12)?
2
Suppose 0 = -5*a - 2*i + 10 + 4, -8 = -2*a - 2*i. Let c(w) = w - 6. Let m be c(10). Suppose 0 = -2*v - m*l - 6, 4*v + l = a. What is the units digit of v?
1
Let d(z) = 8*z**2 - z. Let i be d(1). Suppose 3*t = 2*c + i*t + 16, -t = 5. What is the units digit of (c - -1)*26/6?
3
Let f be ((-2)/(-4))/((-1)/10). Let d(r) = r**2 + 4*r - 10. Let g(i) = -2*i**2 - 7*i + 19. Let v(c) = -5*d(c) - 3*g(c). What is the tens digit of v(f)?
1
What is the tens digit of -213*((-1 - -5) + -5)?
1
Let q be ((-15)/6 - 0)*2. Let g(s) = s + 7. Let l be g(q). Suppose -l*z + 15 = 3*r + 2, -4*z = 2*r - 30. What is the units digit of z?
8
Suppose 13*k - 5*k = 504. What is the tens digit of k?
6
What is the units digit of 2*(-3 + 68/8)?
1
Let p(s) = 16*s**3 - 17*s**3 + 2*s + 8*s**2 - 5 - 8*s. Let b be p(7). Suppose -5*t = 4*y - 2*t - 42, 0 = -t - b. What is the tens digit of y?
1
Suppose 2*i + 18 = -4*l, -5*i - 5*l = -l + 27. Let b be (i/2)/((-3)/8). Suppose 4*y - 7 + 1 = -5*a, 14 = 5*a - b*y. What is the units digit of a?
2
Let g = 6 - 9. Let t = g - -3. Suppose -2*i + 2 + 6 = t. What is the units digit of i?
4
Let r(i) = 2*i - 4*i**3 + 1 - i**3 + i**2 - i**3. Suppose -2*z - 3 = z. What is the units digit of r(z)?
6
Suppose 0 = -3*q + 19 - 4. Suppose 4*n = 3*b + 1, q*n - 45 = b - 6*b. Let d = b + 3. What is the units digit of d?
8
Let j be (-11)/33 + (-56)/(-6). Let r = 3 + -4. What is the units digit of -1 + j + -1 + r?
6
Let d = 48 - 25. What is the tens digit of d?
2
Suppose 2*t - 19 = -1. Suppose 21 = 2*f + 3*o + t, 0 = f + 2*o - 5. What is the units digit of f?
9
Let a(j) = 4*j - 3. What is the units digit of a(3)?
9
What is the tens digit of (17 - 4) + 4 + -1?
1
Let u(n) = -n + 7. Let c be u(3). Suppose 4*r - 5*r = w - 6, -3*w + 4 = -c*r. What is the units digit of r?
2
Let y be 2/(2 + -2 - -2). Let c = y - -2. Let s = -2 + c. What is the units digit of s?
1
Suppose w + f = 5, 0*w + 2*w - f = 16. Suppose -w*o + 2*o = -80. What is the tens digit of o?
1
What is the units digit of (1/(2/(-36)))/(-2)?
9
What is the units digit of 10/50 + 828/10?
3
Suppose 14 = 3*y + 5*j - 0, 4 = j. What is the units digit of (16 - -2) + -1 + y?
5
Suppose -3*s + 11 = 2*g, 0*s + 2*g - 6 = -2*s. Let i = s - 3. Suppose -2*m + 3*w + 43 = -i*w, 4*w + 11 = -m. What is the units digit of m?
9
Suppose 6*x - 15 = x. Suppose 52 = -2*a + 5*a + 2*p, -5*a + 74 = -x*p. What is the units digit of a?
6
Suppose o = -c + 124, -5*c - 372 = -6*o + 3*o. What is the units digit of o?
4
Let a = -56 + 436. What is the hundreds digit of a?
3
Let r(g) = -g + 17. What is the units digit of r(0)?
7
Let r be 0/2 + 8/2. Suppose 3*p - 9 = -i + 21, 0 = -r*i + 3*p + 45. Suppose 0 = 5*k - 2*t - i, 4*t - 12 = -3*k - k. What is the units digit of k?
3
Let u = -9 + 6. Let x be 2/(-1)*u/2. Suppose -13 + 3 = 2*v, -35 = -x*y + 4*v. What is the units digit of y?
5
Let d(y) be the second derivative of -y**3/6 + 3*y**2/2 - y. What is the units digit of d(-5)?
8
What is the tens digit of (-164)/(-6)*(-12)/(-8)?
4
Suppose 3*r - 4*t = 137, -4*r + 60 + 128 = -4*t. Let h = -35 + r. What is the units digit of h?
6
Let z = 30 - 3. What is the units digit of z?
7
Let a(c) = c**3 + 5*c**2 + 4*c + 2. Let m(j) = 2*j**3 + 5*j**2 + 3*j + 2. Let s(z) = 3*a(z) - 2*m(z). What is the units digit of s(6)?
2
Let f(z) = -z**2 - 3*z + 15. Let k be f(-8). Let u = 21 - k. What is the tens digit of u?
4
Let d = 17 - 12. Suppose 0 = s - d - 6. Suppose 25 = -5*j, s = b - 3*j - 7. What is the units digit of b?
3
Let b be 1*-1*6/3. Let r = 7 - b. Suppose -r = -4*p + 11. What is the units digit of p?
5
Suppose -2*c + 2 = -0*c. Let q be c + (2 - 3)*1. Suppose -p = -q*p - 9. What is the units digit of p?
9
Let d(v) = -v - 2. Suppose -90 = -2*o - 2*g, -27 - 38 = -o - 5*g. Suppose -2*b + 6*b = -o. What is the units digit of d(b)?
8
Let b be ((-12)/(-10))/((-8)/(-20)). Suppose y = -2*x + 48, 0 = -b*y - 5*x - 0*x + 141. What is the tens digit of y?
4
Suppose -120 = -5*h + 4*b - 41, 0 = 5*h - 3*b - 78. What is the tens digit of h?
1
Let k(g) = g**3 - 5*g**2 - g - 10. What is the tens digit of k(6)?
2
Suppose -4*u = -3*u + 9. What is the units digit of (u + -1)/((-2)/4)?
0
Let o(n) = -n - 7. Let y be o(-7). Suppose g - 15 = -y*g + 5*t, -2*g + 30 = t. What is the units digit of g?
5
Suppose 0 = 4*v - s - 87, 3*s + 18 = v - s. Suppose -2*p = -2*z - z + 24, 4*p - v = -z. What is the tens digit of z?
1
Let r = 40 - -5. What is the units digit of r?
5
Suppose 0*o = -2*o + 4. Let a(n) = -3 - o - 2*n + 0*n. What is the tens digit of a(-10)?
1
Suppose 0 = 2*c - c - 38. What is the units digit of c?
8
Let m = 5 - 7. What is the units digit of m/7 - 288/(-28)?
0
Let g(q) = 2*q**2 + 4*q - 4. Let l = 2 - -1. What is the tens digit of g(l)?
2
Let c(y) = y**3 - 4*y + 3. Suppose 5*q - 3 = 12. What is the tens digit of c(q)?
1
Let m be 0 + 8 + 1*-2. Suppose m = 3*